 -1)/(5 + -6). What is the remainder when p(u) is divided by 16?
13
Suppose 0 = -2*l - 5*b - 55, -2*l + 0*b - 2*b = 64. Let k = l - -92. Suppose 53 = 4*o - 7. Calculate the remainder when k is divided by o.
12
Let t = 43 - 34. What is the remainder when 39 is divided by t?
3
Let m(o) = -o**3 + 5*o**2 - o - 2. Calculate the remainder when (-272)/85*(-30)/4 is divided by m(3).
11
Let y = 0 - -36. Calculate the remainder when y is divided by 13.
10
Let w = 9 - 0. Let s = -6 + 9. What is the remainder when s + (11 - -3 - 0) is divided by w?
8
Let a = 0 + 1. Suppose -12 = -5*b - 7. Calculate the remainder when b is divided by a.
0
Suppose -252 = -2*m - 5*m. Calculate the remainder when 104 is divided by m.
32
Let o = 24 - -12. Calculate the remainder when o is divided by 13.
10
Let z be 8/(-28) - (-4)/14. Suppose z = 4*j - j - 48. Calculate the remainder when j is divided by 9.
7
Suppose x = -2*x - 6. Let t = x - -16. Calculate the remainder when 25 is divided by t.
11
Let k(w) be the second derivative of -w**3/2 + 3*w**2/2 + w. What is the remainder when k(-4) is divided by 4?
3
Let z = -55 - -79. Let l(m) = -12*m + 1. Calculate the remainder when z is divided by l(-1).
11
Suppose -g + 3*t - 23 = 0, 0*t - 108 = 4*g - 4*t. Let j = -14 - g. Calculate the remainder when j is divided by 8.
7
What is the remainder when ((-52)/(-5))/(2/5) is divided by 14?
12
Suppose -3*b + 39 = -0*b. Let l = 43 - b. What is the remainder when l is divided by 16?
14
Suppose 10 = -i + 5*j, -2*i - 2*j = -3*i - 1. Suppose l + 6 = 4*p + p, i*p = 2*l + 2. Calculate the remainder when (16/12)/((-2)/(-9)) is divided by l.
2
Let i = -34 + 45. Calculate the remainder when ((-8)/(-10))/((-4)/(-100)) is divided by i.
9
Calculate the remainder when 22 is divided by (4 + -5 - 5)*-1.
4
Let g = 9 - 7. Calculate the remainder when 22 is divided by (1 - g)/((-1)/8).
6
Let c(i) = -i + 26. What is the remainder when c(17) is divided by 4?
1
Let s = -48 + 68. What is the remainder when s is divided by 6?
2
Suppose -4 = -g + 2. Suppose 5*m - g = 64. What is the remainder when m is divided by 5?
4
Suppose -4 = -4*h + 3*w + 2, h = 5*w - 7. Suppose 0 = -3*p + 2*l + h, 0*l + l - 3 = 0. Suppose -p*a + 17 = -58. What is the remainder when a is divided by 13?
12
Calculate the remainder when 39 is divided by (2/(-6))/((-2)/60).
9
Suppose -147 = -z - 2*z. Suppose -5*w = -z - 16. Calculate the remainder when w is divided by 2*-1 + (6 - -3).
6
Let n be 18 + -3 + (-1 - 1). Let f = n - 2. Calculate the remainder when 21 is divided by f.
10
Let z = 56 - 48. Let r(u) = 31*u**3 - u**2. What is the remainder when r(1) is divided by z?
6
Calculate the remainder when 101 is divided by (-176)/(-5) + (-76)/(-20) + -4.
31
Let c = 36 - 18. Suppose l - c = 8. Let r = l + -12. What is the remainder when 25 is divided by r?
11
Let k(p) = -p**2 - 8*p + 6. Let o be k(-9). Let q = -1 - o. Suppose -3*n + 12 = -0*n. Calculate the remainder when n is divided by q.
0
Let j = -11 + 13. Let i(s) = s - 2*s + 0*s. What is the remainder when i(-4) is divided by j?
0
Suppose -5*s + 35 = 2*a, -s = -3*a - 0*a + 10. Calculate the remainder when 17 is divided by a.
2
Calculate the remainder when 4/14*1 - (-8024)/238 is divided by 12.
10
Let z be (-1)/(2 + 123/(-61)). Let k = z + -14. Calculate the remainder when k is divided by 12.
11
Suppose 0 = -3*d - 4*c + 8*c - 4, -c = 5*d + 22. Let l = d - -3. What is the remainder when 3 is divided by -2 - (0 + -5 - l)?
1
Suppose 2*d + 0*d = 24. Calculate the remainder when 33 is divided by d.
9
Calculate the remainder when (-1)/5 - 352/(-10) is divided by 12.
11
Let t = -103 + 121. Calculate the remainder when 52 is divided by t.
16
Let z(c) be the first derivative of -19*c**2/2 - c + 3. Calculate the remainder when 34 is divided by z(-1).
16
Let f be (4/(-1))/1 + 0. What is the remainder when (-358)/(-5) + f/(-10) is divided by 15?
12
Calculate the remainder when 348/15*(-10)/(-4) is divided by 15.
13
Let p = -1 + 8. What is the remainder when 18/90 + 99/5 is divided by p?
6
Suppose -2*a = a - 51. Suppose 2*d = 3*d - 6. Calculate the remainder when a is divided by d.
5
Let f = 5 - -3. Let u = 74 + -52. Calculate the remainder when u is divided by f.
6
Let s = 119 + -72. Suppose 4*w - 2 = 6. What is the remainder when s is divided by (-2 - w)/(2/(-8))?
15
Let q be (-4)/8 + 3/(-2). What is the remainder when 616/18 + 6/(-27) is divided by (1/q)/(1/(-24))?
10
Suppose -3*f + 5*d = -19, f - 5*f + 5*d + 22 = 0. Suppose -2 = 2*h + 3*r + 2, f*h + 5*r + 8 = 0. What is the remainder when (-4)/((-32)/70)*h is divided by 12?
11
Let x(z) = -z**3 - 3*z**2 + 8*z + 4. What is the remainder when x(-5) is divided by ((-4)/2)/((-3)/12)?
6
Let o(f) = -f**2 + 13*f - 7. What is the remainder when 13 is divided by o(12)?
3
Suppose 4*c - c = 12. Calculate the remainder when 16 is divided by c*-1 + 2 + 11.
7
Calculate the remainder when (-4)/(-16) + (406/8 - 2) is divided by 25/(1*(-2)/(-2)).
24
Let i(u) = 22*u + 5. Let w(n) = 21*n + 4. Let s(g) = 4*i(g) - 5*w(g). What is the remainder when 50 is divided by s(-1)?
16
Let l be ((-10)/(-6))/((-5)/15). Let h(q) = -5*q + 3. Let j be h(l). Suppose -2*z = 8, -j = -7*b + 3*b - 3*z. Calculate the remainder when b is divided by 6.
4
Let w be 28/6 - 4/6. Let n be (-5)/(-15) - (-14)/3. Let v = n + w. What is the remainder when v is divided by 5?
4
Suppose -2*u + 2 = -v, -2*v + 12 = 2*u + 2*u. Suppose 0 = -z - 0*z. Suppose z = r - 0*r - 5. Calculate the remainder when r is divided by u.
1
Let y = -2 - -8. Let n(i) = 9*i - 14. Calculate the remainder when n(y) is divided by 14.
12
Suppose 5*k - k + 10 = 2*t, -3*k - 3 = 0. Suppose 0 = -0*v - t*v + 30. What is the remainder when 18 is divided by (0 + (-2)/(-2))*v?
8
Let z(d) = 6*d + 17. Let n(m) = 3*m + 8. Let p(a) = 9*n(a) - 4*z(a). What is the remainder when 47 is divided by p(4)?
15
Let d(c) be the first derivative of -c**4/4 + c**3 + c**2 + 3*c + 1. Let m = 32 - 29. Calculate the remainder when d(m) is divided by 5.
4
Suppose 0*z - f = -3*z + 74, 3*f - 66 = -3*z. Calculate the remainder when 95 is divided by z.
23
Let m(i) = -i - 4. What is the remainder when m(-7) is divided by 2?
1
Let n = -8 - -8. Suppose -2*z = -n*z - 22. What is the remainder when 32 is divided by z?
10
Let t(r) = -r**2 - 5*r + 5. Let n = -13 - -21. Suppose 0*a + 4*c = -2*a + n, a + 5*c - 7 = 0. What is the remainder when t(-5) is divided by a?
1
Let g be 9/(-12) + (-20)/16. Calculate the remainder when 2/(-3)*237/g is divided by 20.
19
Suppose 2*y - 4*r = 30, 2*y - 57 = -5*r - 0. Let s = 34 - y. What is the remainder when 49 is divided by s?
10
Let s(m) = -6*m - 6. Let d(n) = n**2 + 3*n - 3. Let l be d(-4). What is the remainder when s(-4) is divided by (l - 6)/((-7)/7)?
3
Let q = -5 + 10. What is the remainder when (68/20)/((-3)/(-15)) is divided by q?
2
Let y(j) = j**3 - 5*j**2 - 8*j - 3. Let t be y(6). Let c = t + 37. Let q = -97 - -109. Calculate the remainder when c is divided by q.
10
Let g = -68 - -99. Let o = g - 10. Suppose 2*v = o + 3. Calculate the remainder when 23 is divided by v.
11
Suppose -3*l = 3*u - 5*u - 25, 3*l + 3*u = 15. What is the remainder when 20 is divided by l?
6
Suppose -4*d - i = -4*i + 14, -3*d = -5*i + 16. What is the remainder when 13 is divided by -2 - (d + -2) - -3?
3
Let g be 100/3*(-4 + 7). Suppose -3*k + 138 = 3*w, 3*k + g = 2*w + k. Suppose 2*s - w = -s. Calculate the remainder when s is divided by 9.
7
Let z(w) = w**3 - 9*w**2 - 11*w + 1. Let s be z(10). Let u = s + 56. What is the remainder when u is divided by 24?
23
Let g = -64 - -153. Suppose 0 = -2*m + 39 + 7. Calculate the remainder when g is divided by m.
20
Suppose 23*q - 6*q = 2380. What is the remainder when q is divided by 48?
44
Suppose 0 = -5*d + 2 + 3. Let q = 1 + 3. Calculate the remainder when q/10 - 3/(-5) is divided by d.
0
Suppose x = -2, -6*i + 7*i + 5*x - 20 = 0. Suppose 3*w + 3 = 0, 5*w - 27 = -5*m + m. What is the remainder when i is divided by m?
6
Suppose -8*t - 24 = -144. What is the remainder when ((-56)/(-10))/(1/5) is divided by t?
13
Let j be (-1)/(-3) + (-208)/(-6). Let u be 217/14 - (-1)/2. Let l = j - u. Calculate the remainder when l is divided by 7.
5
Suppose 4*z = 3*v - 16, 5*z + 5*v - 18 + 3 = 0. Calculate the remainder whe